t r(s) = -5*s**3 - 5*s**2 + 13*s - 1. Let m(q) = q**3. Let p(i) = 3*i**3 + i**2 - i. Let u(o) = 2*m(o) - p(o). Let t(f) = -r(f) + 4*u(f). Is t(6) composite?
False
Suppose -11*q = -10*q + 129. Is (-2)/(-11) - q*(-38)/(-22) composite?
False
Let n(i) be the first derivative of 15*i**2/2 - 8*i + 21. Suppose -4*g + 9 = -27. Is n(g) a composite number?
False
Suppose -5*p - 27*v + 25*v + 49769 = 0, p - 4*v = 9945. Is p a composite number?
True
Let r = -4 - -2. Let s(w) be the second derivative of 125*w**4/12 - 3*w**2/2 + 233*w. Is s(r) composite?
True
Let d(l) be the third derivative of l**5/30 - 17*l**4/24 + 7*l**3/6 + 48*l**2. Let y = -18 - -30. Is d(y) prime?
False
Let z(t) = t**2 - t**3 - 19 - 79 + 493. Let h(r) = -r**3 + 2*r**2 + 15*r. Let s be h(-3). Is z(s) composite?
True
Let p be (-36)/(-126) + (-4084)/(-14). Suppose -5*k - 360 = 4*h, -k - 4*h - p = 3*k. Is (77/14)/((-2)/k) composite?
True
Suppose -2*i + 4*n = -1818, -963 = -2*i - n + 880. Is i a prime number?
True
Suppose -4*o - 10824 = -4*b, -10906 = 5*o + 4*b + 2579. Let h = -1914 - o. Is h prime?
True
Suppose 2*b - 14741 - 6783 = 0. Is b composite?
True
Let k = -285 + 764. Is k composite?
False
Suppose 265*t = 254*t + 36751. Is t prime?
False
Let g = 1218 + -2395. Let v = 2226 + g. Is v a prime number?
True
Let o(t) = 4*t**3 + t**2 - 9. Let g be o(-4). Suppose 0*i = 4*h + 3*i + 548, 3*i = h + 122. Let z = h - g. Is z composite?
True
Let q(w) = -2*w - 10. Let d be q(-6). Let a be (-22)/(-6) + (-4)/6. Suppose -a*k + d*k + 6 = 0. Is k a composite number?
True
Let a(s) = 84*s + 47. Let r(k) = k**2 - 6*k + 12. Let y be r(5). Is a(y) a composite number?
True
Suppose 0 = 2*b + 5 - 1. Is -57 - -455 - -3*(1 + b) prime?
False
Suppose -4*p = -2*p - 1274. Let f = p - -114. Is f prime?
True
Suppose -1 = -3*d - 274. Let x be 13/1*4/2. Is x/d - (-130)/14 composite?
True
Let o = 41 - 41. Suppose -4*j + 2*p + 1594 = 0, o*j - 1188 = -3*j + 3*p. Is j a composite number?
False
Let q(m) = -2*m**3 - 4*m**2 + 11*m - 3. Let w = 20 + -28. Is q(w) a composite number?
False
Let z(y) = 12*y**3 + 7*y**2 - 4*y - 6. Is z(5) prime?
False
Let f = -175223 + 280152. Is f composite?
True
Suppose -3*y = -3*z, 11 = 4*y + 3*z - 24. Suppose 803 + 812 = y*n. Is n composite?
True
Let d = 13 + -9. Suppose -j + 3*j = d*n - 906, j = n - 227. Is 4*(n/(-4))/(-1) prime?
False
Suppose -w - 10 = -r, -4*r + 8*r - 5*w = 38. Is (-13 + -1)*(-474)/r a prime number?
False
Let l(y) = -93*y + 47. Is l(-10) a prime number?
True
Let l(m) = 56*m**2 + 16*m - 53. Is l(15) prime?
False
Let r = 6119 + -2110. Is r composite?
True
Let a(k) = 13*k - 24. Let r(n) = -n. Let y(i) = -a(i) - 4*r(i). Is y(-11) prime?
False
Let a = 3520 + -2477. Is a a prime number?
False
Let o(z) = -z - 4. Let d be o(-6). Let j = -87 + 92. Suppose 2*u - 3*t = d*t + 117, -330 = -5*u + j*t. Is u a composite number?
False
Let f(z) = z**3 + 4*z**2 - 3*z - 2. Let v be f(-5). Is -113*142/v + 3/(-18) a composite number?
True
Suppose 3*n - 753 - 18002 = 4*b, 4*b = -20. Is n composite?
True
Let v(z) = -547*z + 0 + 83*z + 4 - 6. Let o be v(-2). Suppose 2*x - o - 548 = 0. Is x a prime number?
False
Let h(v) = 11*v**3 - 7*v**2 + 5. Let q be h(-3). Suppose 2*b - b - 684 = 0. Let j = b + q. Is j a composite number?
True
Suppose -9*o + 228 = -5*o. Let n be (-2)/9 + (-200)/(-9). Suppose j = n + o. Is j a composite number?
False
Is (-41 - -182)*(-131)/(-3) composite?
True
Suppose 13*a = -2*a + 244095. Is a a prime number?
True
Is (1569/15)/((-4)/(-20)) composite?
False
Let n(q) = q**3 - 5*q**2 - 7*q + 8. Let f(v) = v**3 - 3*v**2 - 2*v - 2. Let x be f(4). Let p be n(x). Is 26 - ((p - 3) + 2) composite?
True
Suppose -4*f = 5*n - 7, 2*n = -2*f + 5 - 3. Suppose -4*q = -n*q - 962. Let r = -291 + q. Is r prime?
False
Let q(w) = -102*w - 25. Let h be 38/(-5) + (-10)/25. Is q(h) prime?
False
Let j be (0 + 104)/(1/2). Suppose -26*u + 123 = -27*u. Let z = j + u. Is z composite?
True
Suppose -3*i = -5*i + 6. Suppose -i*u + u = -d - 419, 413 = 2*u - 3*d. Is u a composite number?
False
Let x(i) = i**2 + 14*i - 1. Let a be x(-7). Let n be a/4*28/(-2). Suppose 4*s - n = 13. Is s composite?
False
Let x = 26263 - 4610. Suppose 4*z - 1509 = 2*w + 20141, 4*z = 3*w + x. Is z composite?
True
Let u = 7522 - 2516. Is u a prime number?
False
Suppose 5*c - 4*u = 36952 - 13053, 0 = -c - 5*u + 4803. Is c a prime number?
True
Suppose -24*n + 13*n + 42977 = 0. Is n a prime number?
True
Let l be -111*7/((-42)/(-20)). Let s = l - -1019. Let i = -438 + s. Is i prime?
True
Let v = 1202 - 676. Is v composite?
True
Let m(q) be the first derivative of 1/4*q**4 - 6*q - 5 + 1/2*q**2 + 2*q**3. Is m(-5) a prime number?
False
Let k = 18200 - 4891. Is k a composite number?
False
Is ((-31662)/(-27))/((-4)/(-18)) composite?
True
Let j(l) be the first derivative of -115*l**2/2 + 9*l - 10. Is j(-4) a prime number?
False
Suppose 0 = 4*g + 6*c - 3*c - 7, 0 = -3*g + 4*c + 24. Suppose g*o = 21544 + 37252. Is o prime?
True
Let g = -82 + 85. Suppose 3155 = -2*n + g*n. Is n a composite number?
True
Suppose 3*o + 4 = -113. Let t = 440 - o. Is t a composite number?
False
Suppose 0*w - 8*w = -19176. Let u be 5*(36 - -2)*19. Let f = u - w. Is f a composite number?
False
Let c = -38 + 47. Suppose 7*x - 2*x = -15, -a + c = -2*x. Is (1563/12)/(a/12) composite?
False
Suppose -p - 11 = 2*l + 2*l, p - 21 = 4*l. Suppose 0 = -3*o + 3*m, -35 = -4*o - p*m - 8. Suppose -44 = o*y - 209. Is y composite?
True
Let j be ((-5)/1)/(6/(-150)). Let v(r) = 97*r + 1. Let i be v(1). Suppose -j - i = -o. Is o prime?
True
Let i be 3839234/335 - 2/(10/(-3)). Suppose -3*f + 9485 = -4*s, -4*f + s + i + 1190 = 0. Is f prime?
True
Suppose 8*k = 4*w + 5*k + 715, 0 = 3*w + k + 546. Let l = w + 574. Is l a prime number?
False
Suppose 13*b - 145138 = -b. Suppose -b = w - 8*w. Is w composite?
False
Let a(t) = t**3 + 4*t**2 + 10*t + 38. Is a(9) composite?
False
Let p(k) be the third derivative of k**4/24 + 149*k**3/6 + 13*k**2. Is p(0) composite?
False
Suppose 3*v = 5*h + 19157, -4*v + h + 4*h = -25546. Is v prime?
True
Is 5/(-15)*11415/10*-2 a prime number?
True
Let c(x) = x - 14. Let z be c(8). Is (-3)/9 - (8636/z + 0) a prime number?
True
Suppose -18*n = -10*n - 142536. Is n prime?
False
Suppose 0 = -2*l + 6 + 2. Suppose l*d - 471 = -107. Is d a prime number?
False
Let h(t) = -t**3 + 10*t**2 + 2*t + 6. Let w be h(9). Let b = w + -42. Suppose -x - 4 + b = 0. Is x prime?
True
Suppose 2*b - b - 4 = 0. Let s(o) = 2*o**2 + o - 4. Let c be s(b). Is (-48)/c + 865/2 a composite number?
False
Is (-37)/(-74) - (-6177)/2 a composite number?
False
Let p(m) = 20*m**3 - 2*m**2 + 4*m + 19. Is p(7) a composite number?
True
Let q = -6128 + 15477. Is q composite?
False
Let y(o) = 52*o - 3. Suppose 0 = -2*r - 7*r + 153. Suppose r*v - 18 = 14*v. Is y(v) a composite number?
True
Let v = -11 + 15. Suppose n = v*u + 271, 5*u + 1310 = 5*n - 0*n. Is n composite?
True
Is 5435*8/50*(-10)/(-4) a composite number?
True
Is -1*7/7*-659*1 prime?
True
Let t be (-10)/14 - 8/28. Let o be (28/(-21))/(t/390). Suppose -3*r + 12 = r, o = 4*i + 4*r. Is i prime?
True
Let w = 19 - -28. Is w composite?
False
Let j(z) = 481*z - 120. Is j(5) a composite number?
True
Let x(m) = -2*m**2 - 19*m - 18. Let p be x(-13). Let k = -56 - p. Is k prime?
True
Let o be 519/(-2)*4/(-3). Suppose -4*r - 86 = -o. Is r a prime number?
False
Let i(p) = 22*p**2 + 2*p + 1. Let n be i(-1). Let g(u) = 2*u - 10. Let s be g(4). Let z = n - s. Is z prime?
True
Let t(o) = 11*o + 1 + 14 + 11*o + 3*o**2 + 4*o. Is t(-10) a prime number?
False
Let z(k) = 51*k**2 + 15*k + 5. Is z(7) composite?
False
Suppose -u - 1 = -4*c, -2*c + 2 = -4*u - 2. Let o(l) = 115*l + 20. Let d(y) = 1. Let a(m) = 20*d(m) - o(m). Is a(u) a composite number?
True
Let p(y) = 6*y - 3. Let k(u) = -17*u + 8. Let b(m) = 3*k(m) + 8*p(m). Let v(l) = -11*l - 1. Let j(t) = -12*b(t) + 3*v(t). Is j(6) composite?
True
Suppose -35*s + 2110055 = -667790. Is s a prime number?
True
Suppose x + 6 = -c - c, 6 = -2*c + 2*x. Let m(y) = -42*y - 13. Is m(c) composite?
False
Is (-17382)/(-13) - 5/65 prime?
False
Suppose -r = 4*h + 4*r - 27, 4*h - 37 = -3*r. Suppose 2*p + h = 179. Is p prime?
True
Let v = 9003 - -23746. Is v prime?
True
Let d(y) = 295*y + 3. Let r be d(2). Let n = r - 212. Is n a comp